{"id":1857,"date":"2017-07-27T12:43:06","date_gmt":"2017-07-27T12:43:06","guid":{"rendered":"https:\/\/news-immobilsarda.it\/staging\/?page_id=1857"},"modified":"2017-07-27T12:46:28","modified_gmt":"2017-07-27T12:46:28","slug":"sabrina-la-leggia-co-curatrice-arte-porto-2017","status":"publish","type":"page","link":"https:\/\/news-immobilsarda.it\/staging\/sabrina-la-leggia-co-curatrice-arte-porto-2017\/","title":{"rendered":"Sabrina La Leggia co curatrice di Arte in Porto 2017"},"content":{"rendered":"<p><a href=\"https:\/\/news-immobilsarda.it\/staging\/wp-content\/uploads\/2017\/07\/sabrina-la-leggia.png\"><img data-attachment-id=\"1858\" data-permalink=\"https:\/\/news-immobilsarda.it\/staging\/sabrina-la-leggia-co-curatrice-arte-porto-2017\/sabrina-la-leggia\/\" data-orig-file=\"https:\/\/news-immobilsarda.it\/staging\/wp-content\/uploads\/2017\/07\/sabrina-la-leggia.png\" data-orig-size=\"640,640\" data-comments-opened=\"0\" data-image-meta=\"{&quot;aperture&quot;:&quot;0&quot;,&quot;credit&quot;:&quot;&quot;,&quot;camera&quot;:&quot;&quot;,&quot;caption&quot;:&quot;&quot;,&quot;created_timestamp&quot;:&quot;0&quot;,&quot;copyright&quot;:&quot;&quot;,&quot;focal_length&quot;:&quot;0&quot;,&quot;iso&quot;:&quot;0&quot;,&quot;shutter_speed&quot;:&quot;0&quot;,&quot;title&quot;:&quot;&quot;,&quot;orientation&quot;:&quot;0&quot;}\" data-image-title=\"sabrina-la-leggia\" data-image-description=\"\" data-image-caption=\"\" data-medium-file=\"https:\/\/news-immobilsarda.it\/staging\/wp-content\/uploads\/2017\/07\/sabrina-la-leggia-300x300.png\" data-large-file=\"https:\/\/news-immobilsarda.it\/staging\/wp-content\/uploads\/2017\/07\/sabrina-la-leggia.png\" decoding=\"async\" loading=\"lazy\" class=\"wp-image-1858 alignleft\" src=\"https:\/\/news-immobilsarda.it\/staging\/wp-content\/uploads\/2017\/07\/sabrina-la-leggia.png\" alt=\"\" width=\"228\" height=\"228\" srcset=\"https:\/\/news-immobilsarda.it\/staging\/wp-content\/uploads\/2017\/07\/sabrina-la-leggia.png 640w, https:\/\/news-immobilsarda.it\/staging\/wp-content\/uploads\/2017\/07\/sabrina-la-leggia-150x150.png 150w, https:\/\/news-immobilsarda.it\/staging\/wp-content\/uploads\/2017\/07\/sabrina-la-leggia-300x300.png 300w\" sizes=\"(max-width: 228px) 100vw, 228px\" \/><\/a>La grande passione dell&#8217;arte<br \/>\nper me \u00e9 nata con Caravaggio, in particolare con la vocazione di San Matteo, a San Luigi dei Francesi a Roma. Mi ha cambiato la vita !<br \/>\nIl taglio di luce che percorre quel dipinto stravolgente separa l&#8217;umano dal divino.<br \/>\nTutta l&#8217;arte successiva per me \u00e8 stata segnata da quella rivelazione;<br \/>\nLa grande scoperta ! \u00c9 stata la folgorazione della luce \u00a0Un percorso di luce, nei colori.<br \/>\nAmo nell&#8217;arte contemporanea \u00a0le ricerche sui colori estremi, un&#8217;immersione totale, lo scontro tra illusione e realt\u00e0, un&#8217;impronta metaforica e visionaria.<br \/>\nOgnuno ha la sua idea di libert\u00e0,\u00a0ogni opera \u00e9 segnata da un forte presentimento del Futuro.<\/p>\n<p>In questa mostra, con l&#8217;Architetto Julio Ayllon, come curatori abbiamo scelto delle opere di espressivit\u00e0 pura, che hanno tutte come comune denominatore l&#8217;elemento ACQUA.<br \/>\nLa forza di questi artisti, cos\u00ec diversi tra loro, sta nella possibilit\u00e0 di liberare qualcosa che non diventa pi\u00f9 controllabile nell&#8217;Acqua.\u00a0Obbiettivo di questa mostra \u00e9 provocare una emozione nello spettatore.\u00a0Al centro della mia ricerca, \u00a0come curatrice, le tendenze, le visioni e il Futuro dell&#8217;arte contemporanea.<\/p>\n<p>Scopri tutti i dettagli sulla mostra, sull&#8217;evento di inaugurazione del 29 Luglio 2017 e sugli artisti partecipanti<\/p>\n","protected":false},"excerpt":{"rendered":"<p>La grande passione dell&#8217;arte per me \u00e9 nata con Caravaggio, in particolare con la vocazione di San Matteo, a San Luigi dei Francesi a Roma. Mi ha cambiato la vita ! Il taglio di luce che percorre quel dipinto stravolgente separa l&#8217;umano dal divino. Tutta l&#8217;arte successiva per me \u00e8 stata segnata da quella rivelazione;<a class=\"moretag\" href=\"https:\/\/news-immobilsarda.it\/staging\/sabrina-la-leggia-co-curatrice-arte-porto-2017\/\"><span class=\"screen-reader-text\">Read more about Sabrina La Leggia co curatrice di Arte in Porto 2017<\/span>[&#8230;]<\/a><\/p>\n","protected":false},"author":1,"featured_media":0,"parent":0,"menu_order":0,"comment_status":"closed","ping_status":"closed","template":"","meta":[],"tags":[],"yoast_head":"<!-- This site is optimized with the Yoast SEO plugin v19.10 - https:\/\/yoast.com\/wordpress\/plugins\/seo\/ -->\n<title>Sabrina La Leggia co curatrice di Arte in Porto 2017 - Le ultime novit\u00e0 dal mondo Immobilsarda<\/title>\n<meta name=\"robots\" content=\"index, follow, max-snippet:-1, max-image-preview:large, max-video-preview:-1\" \/>\n<link rel=\"canonical\" href=\"https:\/\/news-immobilsarda.it\/staging\/sabrina-la-leggia-co-curatrice-arte-porto-2017\/\" \/>\n<meta property=\"og:locale\" content=\"en_US\" \/>\n<meta property=\"og:type\" content=\"article\" \/>\n<meta property=\"og:title\" content=\"Sabrina La Leggia co curatrice di Arte in Porto 2017 - Le ultime novit\u00e0 dal mondo Immobilsarda\" \/>\n<meta property=\"og:description\" content=\"La grande passione dell&#8217;arte per me \u00e9 nata con Caravaggio, in particolare con la vocazione di San Matteo, a San Luigi dei Francesi a Roma. Mi ha cambiato la vita ! Il taglio di luce che percorre quel dipinto stravolgente separa l&#8217;umano dal divino. Tutta l&#8217;arte successiva per me \u00e8 stata segnata da quella rivelazione;Read more about Sabrina La Leggia co curatrice di Arte in Porto 2017[...]\" \/>\n<meta property=\"og:url\" content=\"https:\/\/news-immobilsarda.it\/staging\/sabrina-la-leggia-co-curatrice-arte-porto-2017\/\" \/>\n<meta property=\"og:site_name\" content=\"Le ultime novit\u00e0 dal mondo Immobilsarda\" \/>\n<meta property=\"article:publisher\" content=\"https:\/\/www.facebook.com\/pages\/Immobilsarda\/294305933966324?ref=hl\" \/>\n<meta property=\"article:modified_time\" content=\"2017-07-27T12:46:28+00:00\" \/>\n<meta property=\"og:image\" content=\"https:\/\/news-immobilsarda.it\/staging\/wp-content\/uploads\/2017\/07\/sabrina-la-leggia.png\" \/>\n<meta name=\"twitter:label1\" content=\"Est. reading time\" \/>\n\t<meta name=\"twitter:data1\" content=\"1 minute\" \/>\n<script type=\"application\/ld+json\" class=\"yoast-schema-graph\">{\"@context\":\"https:\/\/schema.org\",\"@graph\":[{\"@type\":\"WebPage\",\"@id\":\"https:\/\/news-immobilsarda.it\/staging\/sabrina-la-leggia-co-curatrice-arte-porto-2017\/\",\"url\":\"https:\/\/news-immobilsarda.it\/staging\/sabrina-la-leggia-co-curatrice-arte-porto-2017\/\",\"name\":\"Sabrina La Leggia co curatrice di Arte in Porto 2017 - Le ultime novit\u00e0 dal mondo Immobilsarda\",\"isPartOf\":{\"@id\":\"https:\/\/news-immobilsarda.it\/staging\/#website\"},\"datePublished\":\"2017-07-27T12:43:06+00:00\",\"dateModified\":\"2017-07-27T12:46:28+00:00\",\"inLanguage\":\"en-US\",\"potentialAction\":[{\"@type\":\"ReadAction\",\"target\":[\"https:\/\/news-immobilsarda.it\/staging\/sabrina-la-leggia-co-curatrice-arte-porto-2017\/\"]}]},{\"@type\":\"WebSite\",\"@id\":\"https:\/\/news-immobilsarda.it\/staging\/#website\",\"url\":\"https:\/\/news-immobilsarda.it\/staging\/\",\"name\":\"Le ultime novit\u00e0 dal mondo Immobilsarda\",\"description\":\"Immobili di lusso nel nord della Sardegna\",\"publisher\":{\"@id\":\"https:\/\/news-immobilsarda.it\/staging\/#organization\"},\"potentialAction\":[{\"@type\":\"SearchAction\",\"target\":{\"@type\":\"EntryPoint\",\"urlTemplate\":\"https:\/\/news-immobilsarda.it\/staging\/?s={search_term_string}\"},\"query-input\":\"required name=search_term_string\"}],\"inLanguage\":\"en-US\"},{\"@type\":\"Organization\",\"@id\":\"https:\/\/news-immobilsarda.it\/staging\/#organization\",\"name\":\"ImmobilSarda\",\"url\":\"https:\/\/news-immobilsarda.it\/staging\/\",\"logo\":{\"@type\":\"ImageObject\",\"inLanguage\":\"en-US\",\"@id\":\"https:\/\/news-immobilsarda.it\/staging\/#\/schema\/logo\/image\/\",\"url\":\"https:\/\/news-immobilsarda.it\/staging\/wp-content\/uploads\/2016\/10\/logo-ims-blue-red.jpg\",\"contentUrl\":\"https:\/\/news-immobilsarda.it\/staging\/wp-content\/uploads\/2016\/10\/logo-ims-blue-red.jpg\",\"width\":383,\"height\":43,\"caption\":\"ImmobilSarda\"},\"image\":{\"@id\":\"https:\/\/news-immobilsarda.it\/staging\/#\/schema\/logo\/image\/\"},\"sameAs\":[\"https:\/\/www.facebook.com\/pages\/Immobilsarda\/294305933966324?ref=hl\"]}]}<\/script>\n<!-- \/ Yoast SEO plugin. -->","yoast_head_json":{"title":"Sabrina La Leggia co curatrice di Arte in Porto 2017 - Le ultime novit\u00e0 dal mondo Immobilsarda","robots":{"index":"index","follow":"follow","max-snippet":"max-snippet:-1","max-image-preview":"max-image-preview:large","max-video-preview":"max-video-preview:-1"},"canonical":"https:\/\/news-immobilsarda.it\/staging\/sabrina-la-leggia-co-curatrice-arte-porto-2017\/","og_locale":"en_US","og_type":"article","og_title":"Sabrina La Leggia co curatrice di Arte in Porto 2017 - Le ultime novit\u00e0 dal mondo Immobilsarda","og_description":"La grande passione dell&#8217;arte per me \u00e9 nata con Caravaggio, in particolare con la vocazione di San Matteo, a San Luigi dei Francesi a Roma. Mi ha cambiato la vita ! Il taglio di luce che percorre quel dipinto stravolgente separa l&#8217;umano dal divino. Tutta l&#8217;arte successiva per me \u00e8 stata segnata da quella rivelazione;Read more about Sabrina La Leggia co curatrice di Arte in Porto 2017[...]","og_url":"https:\/\/news-immobilsarda.it\/staging\/sabrina-la-leggia-co-curatrice-arte-porto-2017\/","og_site_name":"Le ultime novit\u00e0 dal mondo Immobilsarda","article_publisher":"https:\/\/www.facebook.com\/pages\/Immobilsarda\/294305933966324?ref=hl","article_modified_time":"2017-07-27T12:46:28+00:00","og_image":[{"url":"https:\/\/news-immobilsarda.it\/staging\/wp-content\/uploads\/2017\/07\/sabrina-la-leggia.png"}],"twitter_misc":{"Est. reading time":"1 minute"},"schema":{"@context":"https:\/\/schema.org","@graph":[{"@type":"WebPage","@id":"https:\/\/news-immobilsarda.it\/staging\/sabrina-la-leggia-co-curatrice-arte-porto-2017\/","url":"https:\/\/news-immobilsarda.it\/staging\/sabrina-la-leggia-co-curatrice-arte-porto-2017\/","name":"Sabrina La Leggia co curatrice di Arte in Porto 2017 - Le ultime novit\u00e0 dal mondo Immobilsarda","isPartOf":{"@id":"https:\/\/news-immobilsarda.it\/staging\/#website"},"datePublished":"2017-07-27T12:43:06+00:00","dateModified":"2017-07-27T12:46:28+00:00","inLanguage":"en-US","potentialAction":[{"@type":"ReadAction","target":["https:\/\/news-immobilsarda.it\/staging\/sabrina-la-leggia-co-curatrice-arte-porto-2017\/"]}]},{"@type":"WebSite","@id":"https:\/\/news-immobilsarda.it\/staging\/#website","url":"https:\/\/news-immobilsarda.it\/staging\/","name":"Le ultime novit\u00e0 dal mondo Immobilsarda","description":"Immobili di lusso nel nord della Sardegna","publisher":{"@id":"https:\/\/news-immobilsarda.it\/staging\/#organization"},"potentialAction":[{"@type":"SearchAction","target":{"@type":"EntryPoint","urlTemplate":"https:\/\/news-immobilsarda.it\/staging\/?s={search_term_string}"},"query-input":"required name=search_term_string"}],"inLanguage":"en-US"},{"@type":"Organization","@id":"https:\/\/news-immobilsarda.it\/staging\/#organization","name":"ImmobilSarda","url":"https:\/\/news-immobilsarda.it\/staging\/","logo":{"@type":"ImageObject","inLanguage":"en-US","@id":"https:\/\/news-immobilsarda.it\/staging\/#\/schema\/logo\/image\/","url":"https:\/\/news-immobilsarda.it\/staging\/wp-content\/uploads\/2016\/10\/logo-ims-blue-red.jpg","contentUrl":"https:\/\/news-immobilsarda.it\/staging\/wp-content\/uploads\/2016\/10\/logo-ims-blue-red.jpg","width":383,"height":43,"caption":"ImmobilSarda"},"image":{"@id":"https:\/\/news-immobilsarda.it\/staging\/#\/schema\/logo\/image\/"},"sameAs":["https:\/\/www.facebook.com\/pages\/Immobilsarda\/294305933966324?ref=hl"]}]}},"jetpack_shortlink":"https:\/\/wp.me\/PehXTj-tX","jetpack_sharing_enabled":true,"jetpack-related-posts":[],"jetpack_likes_enabled":true,"amp_enabled":true,"_links":{"self":[{"href":"https:\/\/news-immobilsarda.it\/staging\/wp-json\/wp\/v2\/pages\/1857"}],"collection":[{"href":"https:\/\/news-immobilsarda.it\/staging\/wp-json\/wp\/v2\/pages"}],"about":[{"href":"https:\/\/news-immobilsarda.it\/staging\/wp-json\/wp\/v2\/types\/page"}],"author":[{"embeddable":true,"href":"https:\/\/news-immobilsarda.it\/staging\/wp-json\/wp\/v2\/users\/1"}],"replies":[{"embeddable":true,"href":"https:\/\/news-immobilsarda.it\/staging\/wp-json\/wp\/v2\/comments?post=1857"}],"version-history":[{"count":1,"href":"https:\/\/news-immobilsarda.it\/staging\/wp-json\/wp\/v2\/pages\/1857\/revisions"}],"predecessor-version":[{"id":1859,"href":"https:\/\/news-immobilsarda.it\/staging\/wp-json\/wp\/v2\/pages\/1857\/revisions\/1859"}],"wp:attachment":[{"href":"https:\/\/news-immobilsarda.it\/staging\/wp-json\/wp\/v2\/media?parent=1857"}],"wp:term":[{"taxonomy":"post_tag","embeddable":true,"href":"https:\/\/news-immobilsarda.it\/staging\/wp-json\/wp\/v2\/tags?post=1857"}],"curies":[{"name":"wp","href":"https:\/\/api.w.org\/{rel}","templated":true}]}}